*d = 2*i + 2*d - 21, -5*i - 4*d + 3 = 0. List the prime factors of i.
3
Suppose 313 = -4*v - 1127. Let q be v/108*(5 + (1 - 0)). What are the prime factors of ((-10)/q)/(1/134)?
67
Let v be 29/(-58) - (-2186)/(-4). Let y = v + 1364. List the prime factors of y.
19, 43
Let v = -76186 - -130137. List the prime factors of v.
53951
Let z(l) = 1481*l - 11. Let s(h) = 2*h**2 + 61*h + 88. Let a be s(-29). List the prime factors of z(a).
2, 3, 5, 7
Let u = 102 - 155. Let l = u - -55. List the prime factors of 2 - 0 - (l - 17).
17
Let h be (88/72 - (-8)/(-36))*0. Suppose -5*q + 0*q = g - 3427, -3*g + 6 = h. What are the prime factors of q?
5, 137
Let o(u) = 12811*u**2 - 10*u + 9. List the prime factors of o(1).
2, 3, 5, 7, 61
List the prime factors of ((-66)/(-7) - 12) + 3 + 60740/14.
4339
Suppose -13*g - 48605 = -18*g. Suppose g + 891 = 28*z. List the prime factors of z.
379
List the prime factors of 10340 + 5 - (12 - 13).
2, 7, 739
Let n be -5*(-2)/15 - 13/(-3). Suppose 0 = -7*x + n*x + 2. List the prime factors of x - 2 - (-117 - (2 + 1)).
7, 17
Let s(d) = -380*d + 1. Let l be s(-4). Suppose 2*n - 3*h - l = 0, 0*h + 10 = 2*h. List the prime factors of n.
2, 3
Let w(u) = -u**2 - 18*u - 63. Let n = -139 - -127. Let b be w(n). Suppose -3*j - 8*s + b*s = -312, j = -s + 108. List the prime factors of j.
3, 5, 7
Let r be (6 - 2)/(2/22) + 4. Let j be r/(-216) - (-2)/18*2. Suppose -142 = -u - j. List the prime factors of u.
2, 71
Suppose -2*z + 39797 = 3*y - 48544, -9 = -3*z. List the prime factors of y.
3, 5, 13, 151
Let i(c) = -c**3 - 4*c**2 - 3*c + 4. Let z(d) = d**3 + 3*d**2 - 11*d - 9. Let n = -97 + 92. Let b be z(n). What are the prime factors of i(b)?
2
Let l be (2/6)/((-2)/(-6))*7. Suppose l*u - 534 - 327 = 0. Suppose -2*i = 3*s - u, s + s = -2*i + 120. List the prime factors of i.
3, 19
Let u(d) = d**3 + 13*d**2 - 31*d - 21. Let o be u(-15). List the prime factors of 409/(-4*o/24).
409
Let o(b) = 2*b + 15. Let h be o(-4). Suppose 5*a - l = 3354, -h*l + 6*l = 2*a - 1343. What are the prime factors of a?
11, 61
Let g be -6 + 11 + -3 + 5 + -1. Suppose g*l + 30 = 12*l. Suppose -l*x - 5*n + 125 = 0, -4*x + 108 = -2*n + 26. What are the prime factors of x?
2, 11
Let w be (11 + -21)/70 + (-2274)/7. Let j = 549 + w. List the prime factors of j.
2, 7
Suppose 4*w + 5*b = 223, 3*w - 172 = b - 0*b. Suppose w*h + 5388 = 69*h. What are the prime factors of h?
449
Let n(f) = 29*f**2 - 62*f - 19. List the prime factors of n(11).
2, 3, 13
Let b be 11/((2 - 0)/4). Let j = 24 - b. Suppose -j*a + 216 - 24 = -m, a = m + 96. List the prime factors of a.
2, 3
Let i(z) = -z**3 - 2*z**2 - 12*z - 8. Suppose 8 = 11*p + 63. Let t be i(p). What are the prime factors of -2 - 1 - (-2*t - -2)?
3, 83
Suppose v - 9 = -1. Let q be (-2)/v + ((-60)/16 - -4). List the prime factors of 13 - 3/(1/(q - -1)).
2, 5
Let d = 101 + -89. Let f be 3/(-4 + 57/d + 0). Suppose f*n = 7*n - 129. What are the prime factors of n?
43
Let j(i) = i + 9. Let y be j(-7). Let d = 4 - y. List the prime factors of (-1695)/(-20) + (10/8 - d).
2, 3, 7
Suppose u - 12 = 4. Let v be 12/2*(204/8 - 0). Let b = v - u. List the prime factors of b.
137
Suppose -1 = 4*q + 5*c + 6, 0 = 4*q + 2*c - 2. Let n(w) = 56*w**3 - 3*w**2 - 3*w + 6. List the prime factors of n(q).
2, 109
Let s be -4 + -4*(-2 + 0). Suppose -1254 = 10*b - s*b. Let u = -108 - b. What are the prime factors of u?
101
Let h(a) = 830*a - 10. Suppose -9*u = -61 + 52. What are the prime factors of h(u)?
2, 5, 41
Let k be 1 - 393 - (-1)/((-2)/8). Let w = k + 427. What are the prime factors of w?
31
Let m be (-4)/3*6/(-4). Suppose 1 - 11 = -m*g. Suppose g*s + 6*j - 3*j = 325, 5*j + 25 = 0. List the prime factors of s.
2, 17
Let g(k) = 197*k - 177. Let o(s) = -3*s + 1. Let l(q) = g(q) - 4*o(q). What are the prime factors of l(4)?
5, 131
Let d(h) = h**2 - 12*h + 39. Let x be d(6). Suppose x*p + 752 = f + 6*p, 4*f - 2*p - 2994 = 0. List the prime factors of f.
7, 107
Suppose 76*y = 79*y - 120. List the prime factors of 28735/y + (-3)/8.
2, 359
Suppose -4*v + a = -6744, 128*v - 124*v - 6744 = -4*a. What are the prime factors of v?
2, 3, 281
Suppose a - 1157 = -4*r + 570, 0 = 3*r + 2*a - 1294. Suppose 0*g + 3*g = -s + 441, -3*g = 4*s - r. What are the prime factors of g?
2, 37
Suppose 7*c = 8*c - 9. Suppose -c*q + 4992 = 4*q. What are the prime factors of q?
2, 3
Suppose 3 = -z, 2*o + 2*o - 7 = -3*z. Suppose -2740 = -4*a + 2*i - 7*i, 0 = o*a + i - 2756. What are the prime factors of a?
2, 3, 5, 23
Suppose 12*u - 20 = 7*u. Suppose j + j = -4*l + 24, 3*l - 48 = -u*j. Suppose 0 = -16*g + j*g + 380. List the prime factors of g.
5, 19
Let y = 561 + -1412. Let k = y - -1431. What are the prime factors of k?
2, 5, 29
Let r be (-1)/((30/(-5))/(-78)). What are the prime factors of (-639)/r + (-44)/286?
7
Suppose 0*j + 2*g = 4*j - 21996, -5*g + 27465 = 5*j. Suppose 4*w - j = -633. What are the prime factors of w?
2, 19
Suppose i - 3*g - 20 = -i, 4*g = i - 20. Suppose 2*c - 8*c + i*c = 0. Suppose 4*z + c*z - 436 = 0. What are the prime factors of z?
109
Let v(h) = 27*h**3 + 4*h**2 + 6*h + 14. Let x(y) = y**3 + 2*y - 1. Let l(k) = v(k) - 7*x(k). What are the prime factors of l(4)?
31, 43
Suppose -99*x + 103*x - d = 166615, -3*x - 3*d = -124965. List the prime factors of x.
2, 59, 353
Suppose -7*p = 5*v - 38157, -51*p + 3*v = -47*p - 21804. List the prime factors of p.
3, 23, 79
Suppose -5*y = 15, -3*o + 2*o - 4*y = -285. Let n(c) = 39*c - 3. Let m be n(5). Let h = o - m. List the prime factors of h.
3, 5, 7
Suppose 81*l - 464027 + 37171 = 252734. What are the prime factors of l?
2, 5, 839
List the prime factors of 443565/55 + 8 + (-6)/(-33).
3, 13, 23
Suppose 0 = -p + 5*n - 3, p + 3 = -2*n - 0*n. Let r(b) = -51*b**2 + 2 + 50*b**2 + 2*b - b - 4*b**3 + 3*b. What are the prime factors of r(p)?
89
Suppose 4*t + 2*r = 230, -t + 7*r = 12*r - 35. What are the prime factors of 12105/12 - 3/t*-5?
1009
Let w = -20713 - -52145. List the prime factors of w.
2, 3929
Suppose -235 = -3*k - 2*h - 1138, -k + 3*h = 312. Let f = 675 - k. What are the prime factors of f?
2, 3, 163
Let i = 12585 - 3881. List the prime factors of i.
2, 17
Let c = -46 + 44. Let d be (4/(-7))/(c/7). Suppose 5*n - 284 = d*m, 0 = -3*n - 4*m + 176 - 16. List the prime factors of n.
2, 7
Suppose 33*a + 30*a + 8440 = 64*a. List the prime factors of a.
2, 5, 211
Let v be (1/(-2))/(16/(-1984)). Suppose y + 1 - v = 0. Suppose 4*d - 63 = y. What are the prime factors of d?
31
Let j = 41364 - 28655. List the prime factors of j.
71, 179
What are the prime factors of (-457)/3*(162 + -651)?
163, 457
What are the prime factors of (3*(-52)/(-15))/(210/125475)?
2, 13, 239
List the prime factors of 75/45 + (-185960)/(-6).
5, 6199
Let a = -60 - -54. Let g(f) = -f**2 - 5*f - 15. Let d be g(a). What are the prime factors of (5 + d/(-6))*2?
17
Let h(d) = -d**2 + 22*d + 104. Let x be h(-4). Suppose 6*l - 6889 - 1565 = x. What are the prime factors of l?
1409
Suppose 0 = 16*y - 278 - 954. Suppose -80*u + y*u = -1779. List the prime factors of u.
593
Suppose 222334 = 136*y - 458482. What are the prime factors of y?
2, 2503
Suppose -11682 = -5*p - 2*t, -t - 2776 + 441 = -p. Suppose 0 = 7*u + 908 - p. What are the prime factors of u?
2, 3, 17
Suppose 6*p = 8*p + 162. Let u = 129 + p. Suppose -u = 5*d - 13*d. List the prime factors of d.
2, 3
Let d = 490 - 432. Let h = d + 232. What are the prime factors of h?
2, 5, 29
Let q(f) = -3 + 8*f + f**3 - 4 - 6*f**2 - 13 + 3. Let y be q(8). List the prime factors of (12/(-10))/((-14)/y).
3, 5
Let h(d) be the second derivative of 5*d**3 - 35*d**2 + d + 4. List the prime factors of h(14).
2, 5, 7
Let h be 42/147 + 3/((-42)/(-556)). Suppose 464 = f + h. What are the prime factors of f?
2, 53
Suppose 3*u - 2*p = 7849, -4*u - 4*p + 1478 = -9014. List the prime factors of u.
3, 97
Let k be (-12)/(-14)*42/(-24)*-2. Suppose 0 = -2*c + 4*y + 656, 2*c - 208 = k*y + 447. What are the prime factors of c?
2, 163
Let k = 284 - 434. What are the prime factors of (-176230)/k + 4/30?
5, 47
Let q(a) = -a**3 - 20*a**2 - a - 20. Let r be q(-20). Suppose 2*j - 10 = r, -j - 473 = -5*g - 73. Suppose -260 = -b - g. What are the prime factors of b?
179
Suppose -44*l - 26302 = -45*l + 2*o, o + 105166 = 4*l. What are the p